y) = -y**3 - 6*y**2 - 2. Suppose -4*n = -12, 4*g = -g + 4*n - 127. Let z = g - -24. Let t(u) = -4*u**2 - 3*u + 1. Let p be t(z). Calculate d(p).
-2
Let h = -2 - -7. Let m be 6/(10/h) + -3. Suppose -5*y = -4*x + 27, m = 3*y - 0*x - 5*x + 11. Let l(o) = -o - 11. Give l(y).
-4
Let w be ((-98)/4 - -22)/(1/2) + -6. Let n(a) = a**2 + 7*a - 3. Calculate n(w).
41
Let d(j) = 61*j**2 + 3*j + 19. Let u(v) = -46*v**2 - 19. Let o(q) = 3*d(q) + 4*u(q). What is o(4)?
1
Let a(j) = 2*j + 23. Let m(o) be the third derivative of -o**5/30 - o**4/6 + o**3 + 145*o**2. Let q be m(2). What is a(q)?
3
Let q(j) = 14*j**2 - j - 3. Let t(v) = 46*v**2 - 5*v - 10. Let l(c) = -10*q(c) + 3*t(c). Determine l(3).
-33
Suppose 427*o + 6949 = -1591. Let k(m) = m**2 + 14*m - 120. Give k(o).
0
Let i(s) = s**2 + s**3 + 29114 + 4*s - 3*s - 29116. Let f be 4/(-6) + (-8)/6. Give i(f).
-8
Let f(l) be the second derivative of -l**2 - 1/6*l**3 + 0 - 3*l + 1/12*l**4. Determine f(0).
-2
Suppose -5*q + 0*q - 4*v = 102, 2*q + 46 = v. Let o be 53/11 - 4/q. Suppose 2*y = -1 + o. Let r(h) = h**3 - 2*h**2 + 4*h - 3. What is r(y)?
5
Let k = 18 - 25. Let m(p) be the second derivative of -1 - 7/2*p**2 + 22*p - 1/2*p**3. Give m(k).
14
Let p(m) = m**2 + 8*m + 7. Let f(h) = h**2 - 19*h + 96. Let u be f(11). Suppose 26 = -6*k + u. Calculate p(k).
-8
Let g(h) = 7*h - 4*h - 25*h + 14*h + 5 + 3*h**2. What is g(2)?
1
Let y be 20/(-70)*(-189)/18. Let t(j) = -3*j**2 + 11*j + 1. Give t(y).
7
Let f(n) = -3*n**2 + n + 5*n - n - n**3 - 4 + 3*n - 4*n**2. Determine f(-8).
-4
Let i(j) = 43 - 41 - 2*j + 2*j - j. Suppose -5246*m = -5230*m - 16. What is i(m)?
1
Let t(i) = -1 + 21 + 4*i + 5*i - 7 + 21. What is t(-5)?
-11
Let h(d) = 14*d + 92. Let f(o) = -2*o**3 - 80*o**2 - 77*o + 33. Let j be f(-39). Determine h(j).
8
Let a(r) = 3*r - 10*r + 5021 - 2*r - 5035. Determine a(8).
-86
Let g(f) be the third derivative of f**4/3 - 15*f**3/2 + 5*f**2 - f - 364. What is g(8)?
19
Suppose -7*v + 324 = -502. Let t(k) = k**3 + v + 7*k**2 - 340 + 117 + 109 + 6*k. Give t(-6).
4
Let o be (4 - 4)/4 + -4. Let g(f) = 29 - 2*f**3 - 4*f**2 - 3 - 29 + 3*f. Calculate g(o).
49
Let w(d) = -18 + 65 - 17*d + 2*d + 39 + 179. What is w(18)?
-5
Let s(r) be the first derivative of r**4/4 + 14*r**3/3 + r**2 + 29*r + 1734. Give s(-14).
1
Suppose -2*i - 20 = -4*g, g - i = 3*g - 2. Let u(h) = h**3 - 5*h**3 - 4 + g*h**3. Determine u(0).
-4
Let n(y) be the first derivative of -y**2/2 - 23*y - 952. Determine n(-20).
-3
Let q(d) be the third derivative of d**6/720 - 7*d**5/60 + d**4/2 + d**3/3 - 5*d**2 + 2*d. Let t(i) be the second derivative of q(i). Give t(0).
-14
Let z(f) = 5*f**3 - 28*f**2 - 8*f + 9. Let v(t) = 9*t**3 - 54*t**2 - 17*t + 18. Let g(p) = 6*v(p) - 11*z(p). Determine g(-15).
-6
Suppose 125*f + 139*f + 156 = 1740. Let x be (-2 + 0)*1 - -9. Let z(b) = 2 + x + 0*b**2 - b**3 + 6*b**2 - 4*b. Calculate z(f).
-15
Suppose -s - 4*l + 20 = 0, -s + 0 = 3*l - 15. Let u(j) = s - 4*j + 2*j + 4*j - j - 5. What is u(6)?
1
Let t(p) = -4*p**3 + p**2 - p + 1. Let o(v) = -21*v**3 + 35*v**2 - 40*v + 182. Let i(c) = -o(c) + 5*t(c). What is i(29)?
-3
Let a(v) be the second derivative of -v**5/20 - 7*v**4/6 - 13*v**3/6 - 2*v. Let g be (307 - 306)/(((-48)/(-26) + -2)/2). Determine a(g).
0
Let m(k) = -5*k**2 + 2*k - 1. Let f(x) = x**3 - x**2 - 14*x - 14. Let s be f(6). Let n = s - 77. Suppose -n*l = -13*l + 8. Calculate m(l).
-4
Let m(t) = -9*t**2 - 161*t - 7. Let h(o) = -11*o**2 - 190*o - 7. Let x(i) = 5*h(i) - 6*m(i). What is x(17)?
-10
Let u(k) be the first derivative of -k**4/4 + 4*k**3/3 + 2*k**2 + 2*k - 6. Suppose 55 = -2*f + 45. Let x be (-5)/2*(f + -3)/4. What is u(x)?
-3
Let t(p) = 87*p - 70. Let w(d) = 122*d - 71. Let s(o) = 4*t(o) - 3*w(o). Give s(-4).
5
Suppose -17*m = -22*m. Suppose m = 47*w - 52*w - 270. Let a be (-18)/63 + w/7. Let c(y) = y**3 + 8*y**2 + 2*y + 10. What is c(a)?
-6
Let l(s) = s**2 - s + 6. Let j be l(0). Let w(g) = g - 23. Let f = -763 + 760. Let d(c) = -2*c + 42. Let u(o) = f*d(o) - 5*w(o). Determine u(j).
-5
Let b = 51 + -46. Let j(h) = -12*h + 54. Let u be j(b). Let p(l) = -l + 3. Calculate p(u).
9
Let l(c) = 5*c**2 - c - 7. Suppose q + 1 = -3*w - 21, 4*w + 32 = -2*q. Give l(q).
77
Let n(l) = 6*l - 7 + 4*l**2 + l**2 - 4*l**2. Let a(g) be the first derivative of -g**3/3 + g**2/2 - 7*g - 49. Let j be a(0). Calculate n(j).
0
Suppose 137*r = 136*r + 3. Let w(d) = 10 - 39*d**3 + 6*d**3 + 16*d**r - 12*d**2 + 16*d**3. Calculate w(-12).
10
Let d(f) = 4*f + 89. Suppose 9*y = 26*y - 21*y - 88. Give d(y).
1
Let w(t) = -t**2 - 8*t + 1. Let k(j) = j**3 - 19*j**2 - 96*j + 17. Let q(h) = k(h) - 9*w(h). What is q(12)?
8
Suppose 0 = 5*r - 12 - 8. Let y(l) be the second derivative of -1/2*l**2 + 5/6*l**3 - 2 - 7*l. What is y(r)?
19
Let d(j) be the second derivative of j**4/6 - 3*j**3 - 43*j**2/2 - 2888*j. Determine d(11).
1
Let l(j) = -24*j + 72 + 2*j**2 + 21*j - j**2 - 35*j + 21*j. What is l(9)?
0
Let g(a) be the second derivative of a**4/12 - 3*a**3/2 - 5*a**2/2 - 412*a + 1. Let w(j) = -11*j**3 + j**2 - j - 2. Let h be w(-1). Determine g(h).
17
Let f(b) = -105*b + 103. Let h(k) = 13*k - 12. Let o(u) = -2*f(u) - 17*h(u). Give o(-4).
42
Let d(v) be the second derivative of v**4/6 - 23*v**2/2 + 72*v. Give d(4).
9
Let u(k) = k**2 + 11*k + 27. Suppose -5*q - 25 = -m, 10 = -251*m + 253*m. What is u(q)?
-1
Let p(w) = -185*w**2 - 6*w + 5*w + 6 + 1 + w**3 + 182*w**2 - 9*w. Give p(5).
7
Let z(f) = -2*f**2 + 11*f + 68. Let x(s) = -8*s**2 + 72*s - 69. Let q be x(1). Give z(q).
-37
Let q be 0*(0 - 1/3)*(-364 - -363). Let u(w) be the second derivative of -w**5/20 + w**4/12 + w**3/6 + w**2 - w. What is u(q)?
2
Let m(x) be the third derivative of x**5/60 - x**4/24 - 5*x**3/6 - x**2 - 205*x. Calculate m(6).
25
Let g(f) = -3*f**3 - 2*f**2 + 2*f - 1. Let y be g(1). Let p = 119 - 113. Let l(h) = 7*h - 2*h + 0*h - p*h. What is l(y)?
4
Let h(g) = -g**2 - 4. Let s be (15 + (-312)/20)*-15. What is h(s)?
-85
Let r be 24/(-60) + 24/10. Let u(c) = -95*c**r + 1 + 96*c**2 + 7*c - 10*c. Give u(4).
5
Suppose -2*o + 0*o + 2 = 0. Let g(v) = v + 1. Let l(b) = -5*b - 5. Let r(j) = o*l(j) + 6*g(j). Let w(a) = 28*a + 174. Let p be w(-6). What is r(p)?
7
Let v(z) = -z**2 + 5*z + 4. Suppose -11*k + 121 = -1804. Let o = -172 + k. Give v(o).
10
Let a(q) = -q**2 - 6*q + 20. Let y(r) = -r**3 + 30*r**2 + 9*r - 277. Let p be y(30). Give a(p).
13
Let p be 170/(-40) - (-4)/16. Let k(u) be the first derivative of -u**3/3 - 7*u**2/2 - 5*u + 12. Give k(p).
7
Let h(q) be the third derivative of -q**4/24 + 3*q**3/2 - q**2. Let i = 33106 + -33103. Calculate h(i).
6
Let q(o) be the first derivative of o**4/2 - 35*o**3/3 - 21*o**2/2 + 41*o - 8986. Calculate q(18).
-13
Let g(n) = n**2 + 2*n - 12. Let s be g(-10). Let c be (2 + -1)*(-17)/(s/(-24)). Let j(w) = -5*w + 24. Determine j(c).
-6
Let s(t) be the second derivative of -11*t**3/6 + 20*t**2 - 686*t. Calculate s(4).
-4
Let g be 1 + (-21)/15 + (477/(-45) - -1). Let n(j) = -2*j**2 - 17*j + 11. What is n(g)?
-19
Let w(s) = 6*s**2 + 17*s + 3. Suppose 8 = -u - b, -7*u - 3*b = -12*u. What is w(u)?
6
Let f(g) = -17*g**3 - 18*g**2 + 2*g - 4. Let w(j) = 27*j**3 + 27*j**2 - 3*j + 6. Let z(n) = 8*f(n) + 5*w(n). What is z(-9)?
-11
Let c(k) = -k**2 + 6*k + 1. Let d(b) = b**3 - 11*b**2 + 18*b + 2. Let r(x) = 6*c(x) - d(x). What is r(-2)?
-4
Let b(a) = -a**3 - a**2 - 3*a - 1. Let y(v) = -2*v**3 - 12*v**2 - 11*v + 3. Let w(d) = 3*b(d) - y(d). Let t be ((-8)/4 - -5)*3. What is w(t)?
12
Let l(c) = c. Let f = -50 - -56. Suppose -2 = -f*j + 16. Suppose -4*p + j*p - 3*p = 0. What is l(p)?
0
Let y(u) = -4*u - 4. Suppose j - 9*j = 48. Let f be y(j). Suppose 4*s - 11 = -5*z + 3, z + f = 3*s. Let d(n) = n**3 - 7*n**2 + 6*n - 1. Give d(s).
-1
Let s(b) be the first derivative of 166 - 4*b - 3/2*b**2. What is s(4)?
-16
Let f(c) be the first derivative of c**4/4 + 4*c**3 - 27*c**2/2 + 5*c - 1827. Determine f(-14).
-9
Let g(x) = -x + 126 + 0*x - 130 + 3*x - x**2 + x. Suppose 5*s = -4*l - 8 + 49, 4*s = 5*l. Determine g(s).
-14
Let d(r) = -2*r**2 + 10*r - 5. Let w(p) = 3*p**2 - 15*p + 8. Let y(q) = -8*d(q) - 5*w(q). Suppose 132 = 20*u + 412. Let j be 152/26 - u/91. Calculate y(j).
6
Suppose -2*v - 41 = 27*f - 22*f, -v - 3*f - 24 = 0. Let w(g) = 13*g + 36. Give w(v).
-3
Let z(t) 